7
What is -23 + -17 + 31 - (1 + (2 - 10) + -10)?
8
What is (18 - (25 + -13 - (-20 + 16))) + -50?
-48
What is (18 - 1) + (-52 + 28 - -67)?
60
Calculate -2 - 16 - (-39 + -5 + -39) - 14.
51
What is 31 - (38 + (9 - 21))?
5
What is 0 - (0 + -12 - (34 + -55 - 29))?
-38
-8 + (13 + (-3 - -3) - -9) + 3 + 9
26
Calculate (-23 - (15 - -59 - -30)) + 30.
-97
Evaluate -272 + 185 - (-16 - 61).
-10
Calculate 74 - (33 - (-50 - -29)).
20
What is -8 - (78 - ((2 - (12 - 29)) + -17))?
-84
Evaluate 1 + 72 + -142 + 165 + 9.
105
(-23 - -46) + 20 + -23 - (148 - -1)
-129
What is the value of 3 + 0 - (-431 - -394)?
40
-67 + -26 + 97 + (-41 - 1)
-38
180 - (85 + 127 + -137)
105
Calculate 60 + -1 - (-8 + 8) - (4 + -5 - -16).
44
Calculate 21 + 11 + -21 - (-39 - (2 + -5)).
47
What is the value of 10 + (-36 - (20 + -1 + (-50 - -37)))?
-32
What is the value of (-80 - -61 - -43) + -49 - (1 - 18)?
-8
What is -2 + (-1 + 16 - 7) - 140 - (55 - 65)?
-124
-21 - (-69 + (12 + 3 - 20))
53
(-21 - 3) + 21 + 23 - 13
7
What is the value of (136 - 209 - -83) + (0 + -2 - (-2 - -38))?
-28
Evaluate (2 - 3) + -1 + (30 - 97) + 101.
32
Calculate 73 + -84 - (-8 + (3 - 11)).
5
Evaluate 21 - (8 + 9) - (-2 - 2 - -31).
-23
Evaluate 82 - (48 - (-51 - 19)).
-36
What is (-85 - -216) + -106 + 16 + -1?
40
What is the value of (8 + -72 + 24 - -34) + (-1 - -9)?
2
What is the value of -137 + 0 + (-18665 - -18829)?
27
What is the value of -20 - ((40 - 33) + (-5 - 4) - -4)?
-22
What is the value of -15 + (-39 - (22 - -19)) + -3?
-98
5 - (54 + (-4 - (46 - 24)))
-23
Evaluate 0 - -9 - (27 - -79 - 113).
16
What is the value of -4 - (12 - (9 + (-12 - -104) + (-4 - 2)))?
79
Calculate -145 - (-209 - (-35 - -59)).
88
What is -57 + -8 + 11 + (-2 - (-18 + 11))?
-49
-4 + 6 + (1 - -10) - (-202 + 196)
19
What is -6 + 7 + (-3 - -22) + -62?
-42
What is the value of -13 - (13 + -23 + -59 - 14) - (-1 + 11)?
60
Evaluate -13 - -2 - (7 - 53 - (-10 + -10)).
15
What is (-33 - -27 - 42 - (11 - 1)) + -12 + 1?
-69
What is the value of -1 + -5 - (129 + 102 - 183)?
-54
Evaluate (-1 - -98) + 1267 + -1302.
62
Evaluate (-11 - -19) + (-3 - 1) - (1 + -3) - 2.
4
What is the value of -40 + 113 - 111 - 24?
-62
Calculate 4 + 0 + -3 + (49 - 79) + 5.
-24
What is -48 - (3 + -63 + -19)?
31
What is 0 + -2 + -80 + 75 - (143 - 142)?
-8
Evaluate 4 + (5 - 3) + (-34 - -8 - -76).
56
What is the value of -9 + -34 + (-311 - -377)?
23
What is the value of 82 + -38 + -20 - 52?
-28
Evaluate 15 + 36 + -12 + -18 + -79 + 2.
-56
What is -87 - -63 - (-3 + -148) - 34?
93
Calculate -2 - -142 - (-66 - (-62 - (60 + -69))).
153
What is the value of -7 + (90 - 87) - -44?
40
-11 + (0 - (7 - 13)) + (-42 - -14)
-33
(-1 + -15 - (50 - 43)) + 12 + 2 + -31
-40
What is -22 + (14 - (24 - 14))?
-18
Evaluate -23 - ((-6 - 38) + -2 + 11).
12
Calculate 151 + -92 + 96 + -95.
60
What is (-74 - (-11 + (-3 - -13) + 2)) + 2 + -4?
-77
What is the value of 24 - (22 + -17) - -36?
55
What is -12 + -21 + (28 - 29)?
-34
Calculate (-3 - -3) + 1 + 37 + -51 + (0 - 98).
-111
Evaluate 2 + -6 + 65 + (17 + -23 - -4).
59
(173 - 127) + -41 + -1
4
What is -39 - (6 - 10) - (-13 + -1 - -28)?
-49
Evaluate (1 - (-8 - -26) - -23) + -69.
-63
(0 - (11 + (-71 - -6))) + 4 - (16 - 5)
47
Calculate -120 + (-98 - -54) - -50.
-114
23 + -1 - (-1969 - -1977)
14
Calculate (-24 - (-31 + -24)) + -14 + 44.
61
What is 48 - 106 - -73 - (-69 + 32 - (1 + 1))?
54
Evaluate -22 + (59 + 4 - 30).
11
16 - 20 - (138 + -55 + 33)
-120
Calculate 132 - 5 - ((13 - 2) + (-511 - -514)).
113
What is the value of 98 + (106 - 200) + 88 + 1 + 8?
101
Calculate (1 - 57) + (4 - (0 + (-15 - -33))).
-70
What is 104 + -93 + (-88 - -7 - 4) - 3?
-77
Evaluate (19 - (13 + 0) - 11) + -2 + 2 + 8.
3
-49 - (-73 - 1) - 50
-25
What is -144 - 26 - -170 - (2 - 1 - 9)?
8
Calculate 2 + 22 + -2 - (153 + -148) - 137.
-120
Evaluate -13 - (-7 + (14 - 7) + (-101 - -98)).
-10
What is the value of 6 - (47 - 14) - -42 - (-2 - -1)?
16
-16 - ((-33 - -65) + 6 + -24)
-30
What is 43 + -53 + (-7 - -26) + (-1 - (82 + 0))?
-74
What is 72 - (85 - 58) - 80?
-35
Calculate (-1 - -19) + -807 + 785 + (-106 - -8).
-102
Evaluate -27 - -17 - (-27 - (-1 + 11)).
27
Calculate -79 - (694 - 687 - (-11 + 3 + -1)).
-95
Calculate 55 - ((2 - 21) + 62 + -2 + -37).
51
What is the value of -262 + -234 + 563 - (1 - (2 + 1))?
69
(-224 - -113) + (100 - 50)
-61
Calculate 7 - (17 - 40) - ((-19 - 19) + 17).
51
What is the value of 204 - 256 - (41 + -142)?
49
Evaluate 4 + -7 + 13 - (64 + 0 + (4 - 2)).
-56
What is 8 + 1 - (-39 - (-109 - -43))?
-18
What is the value of 24 + (-13 - 26 - -20) + 33?
38
Calculate (-17 + 38 - 49) + 14 - (0 + -109).
95
What is -49 - (-79 - 72 - -221)?
-119
Evaluate -60 - (-114 + 22 + 23).
9
(-41 - -4) + 32 + -15
-20
Calculate 59 + (0 - 0) - (438 - (147 - -289)).
57
What is the value of (-6 - (-79 + 69 + (-1 - 1) + 2)) + 51?
55
Evaluate 108 + (-21 - -17) - ((-14 - -9) + 10).
99
What is -22 - (16 + -32) - (-2 + 0 + 2)?
-6
Evaluate -67 - 9 - (-19 - 51).
-6
What is the value of (8 - (-53 - -76 - (-1 + 4))) + 17 + -63?
-58
-70 - (29 - -23 - 41 - (22 - 0))
-59
Evaluate 14 - (20 - (23 + 25 - -9)).
51
3 + -5 + 76 + (1312 - 1334)
52
Evaluate -35 + 2 + -6 - 1 - (442 - 458).
-24
What is 108 + -29 - (-1 - -18)?
62
What is -33 + 47 - (1 + -14 + 13 + -7)?
21
What is the value of (248 - 214) + (-16 - 49)?
-31
Evaluate 18 - (0 + (-22 - -1)) - (-5 - 4 - -1).
47
Calculate 5 - -2 - (14 + -64 + (5 + -19 - -3)).
68
What is the value of -11 + (1 - 1) - (56 - -6 - 20)?
-53
What is 1 + (24 - (25 - -13))?
-13
What is the value of (-5 - -17) + (-4 + (7 - 1) - -14)?
28
What is (72 - (-105 - -56)) + -79?
42
Evaluate 55 + -17 + -15 + 15 + -115.
-77
What is the value of -20 + -2 + -18 + -46 + (-1 - -71)?
-16
What is the value of 4 - (3 - 4 - (212 + -226))?
-9
Evaluate (29 - (-36 + 64) - (2 - 3)) + 0 + -26.
-24
What is the value of -10 - (30 + -9 + 7 - -1 - (-2 + 12))?
-29
Evaluate 0 - (371 + -378 - (-4 + -2 + 17 + -4)).
14
Calculate (24 + -57 + 20 - 49) + 1 + 19.
-42
1 + 36 + -3012 + 2986
11
-28 + (826 - 787) + -2 + -14
-5
0 + 1 + 1 + -7 + 59 + -2 + -7
45
-50 + (-70 - (-28 - 78))
-14
What is the value of 8 + -16 + (19 - -3) + (56 - -1) + -15?
56
What is 14 - 14 - -13 - 26?
-13
What is the value of 68 + (6 - (-27 - -51)) + 26?
76
What is the value of -78 - (2 + -3) - (1143 + -1168)?
-52
What is -98 - (-73 + 20 + 8)?
-53
17 - (9 + (-37 - -7))
38
Evaluate -30 + (-1 - (-8 - -11 - -1)) + 19.
-16
Calculate (3 - 4 - 1) + 10 + 1 + -22.
-13
Calculate -47 - (7 + -21 + -35).
2
Evaluate 65 + (-14 + 4 + -5 - -5) + 23.
78
Evaluate 264 + -205 + -132 - (0 + 5).
-78
What is the value of -69 + 7 + (-32 - -28 - (2 + -12)) + -6?
-62
Evaluate -2 - 16 - (120 + -103 + 24 + -4).
-55
Evaluate 92 - (21 + -62 - -184).
-51
Calculate (-6 - (-10 - -3) - -4) + -6 - (-82 - -140).
-59
What is the value of 64 - (3 + 9 - -7 - 11)?
56
What is the value of (-1 + 5 - 0) + -4223 + 4207?
-12
76 - (40 + -87 - -40)
83
What is -4 + 28 + -48 + 55?
31
What is the value of -107 - (-104 - (17 + -58))?
-44
(4 - 14 - -50) + 13 + -25 + -1
27
Calculate -16 + (77 - (-25 - (-18 - 6))).
62
Evaluate -3 - (0 + (18 - (-12 + 11))).
-22
Evaluate (1 - -43) + (114 - -53) + -143.
68
What is the value of -33 + (0 - -9) + 622 + -644?
-46
What is (-50 - -62) + (-26 - -6) + 19 - 82?
-71
What is the value of (6 + -2 - -60) + -1 + -20?
43
Calculate 1284 - 1306 - (-3 + 1 + 13).
-33
What is the value of (7 - -8) + 69 - (14 + -4 - (3 - -2))?
79
Calculate -20 - (-1 + 16 + (-94 - -108)).
-49
-5 + (-1 - (13 - -1 - 6) - 27)
-41
Calculate -9 + 2 + (14 + 5 - 12) + (-48 - -1).
-47
-92 - (37 - (244 - 118))
-3
What is ((51 - 42) + -11 - (-2 + 1)) + -55 - 8?
-64
-75 - ((14 - 83) + 26)
-32
Calculate (-23 - (-1 + 3 - (25 + (-10 - 0)))) + 95.
85
What is -19 - 0 - (-60 - -11 - -1)?
29
What is the value of 15 + -29 - -73 - (-45 - -22)?
82
What is -100 + (132 - 76) + 27?
-17
What is (80 - 93) + -1 + 5 + -4 + 12 + -121?
-122
122 - 98 - (7 - 6)
23
Calculate (41 - 43) + (20 - (2 - (1 + 0))) + 12.
29
(-10 - 5) + (-801 - -903) + (1 - 24)
64
What is -21 + -11 + 21 - -48?
37
-12 - -57 - (-38 - -60)
23
Evaluate (1 - 0) + -74 + (13 - -47) + (-46 - 30).
-89
What is the value of (627 - 609) + 0 + 7 + 57?
82
What is the value of (7 - (-22 - (-39 + 20))) + -5 + 4?
9
Calculate (-3850 - -3831) + 1 + 35.
17
Calcu